ghest common factor of 8406 and 81063.
9
What is the highest common factor of 7006 and 513515?
31
What is the greatest common divisor of 260 and 4448736?
4
What is the highest common factor of 22800 and 862752?
912
Calculate the greatest common factor of 4836 and 94386708.
156
What is the greatest common factor of 5223 and 1857?
3
Calculate the highest common factor of 34693144 and 564.
188
Calculate the greatest common factor of 2285638 and 21386.
74
What is the greatest common factor of 9667125 and 3375?
1125
Calculate the greatest common divisor of 17196660 and 9360.
2340
Calculate the greatest common divisor of 2478 and 799922.
118
What is the greatest common factor of 47056512 and 640?
128
What is the highest common factor of 12886544 and 3196?
68
Calculate the greatest common factor of 1573 and 62871237.
1573
Calculate the highest common factor of 14748 and 2352.
12
What is the greatest common factor of 2365 and 252923?
11
What is the highest common factor of 32076 and 140052?
132
What is the highest common factor of 143218 and 1754066?
1418
Calculate the greatest common factor of 74586 and 2528706.
2406
What is the highest common factor of 399 and 40572201?
57
What is the highest common divisor of 77235547 and 981?
109
Calculate the highest common factor of 12 and 103195596.
12
Calculate the highest common factor of 381549 and 13713.
21
Calculate the highest common factor of 5149 and 65227.
19
Calculate the highest common divisor of 1479221 and 153.
17
Calculate the greatest common factor of 9256 and 20707986.
2314
Calculate the greatest common divisor of 12195283 and 551.
551
Calculate the highest common divisor of 11858 and 12034418.
242
What is the greatest common factor of 4672 and 799642?
146
What is the greatest common divisor of 72 and 68072904?
72
Calculate the greatest common factor of 49856904 and 1080.
216
What is the highest common divisor of 72789495 and 3315?
255
Calculate the greatest common factor of 14706 and 293346.
774
What is the highest common factor of 16831156 and 1804?
164
Calculate the greatest common divisor of 20588397 and 347753.
7097
Calculate the greatest common factor of 230914 and 395026.
526
Calculate the greatest common divisor of 788602384 and 16.
16
What is the highest common factor of 68116916 and 708?
236
Calculate the greatest common divisor of 73 and 2345134052.
73
What is the greatest common factor of 85059 and 2371473?
117
What is the highest common factor of 106470 and 2090530?
1690
What is the highest common divisor of 110888767 and 2387?
341
Calculate the highest common factor of 1154647 and 38298.
13
Calculate the greatest common divisor of 151 and 1627622809.
151
Calculate the highest common divisor of 5469910 and 95.
95
What is the highest common factor of 22902 and 47454?
66
Calculate the greatest common divisor of 180012 and 82908.
84
Calculate the highest common divisor of 109098 and 42282.
522
Calculate the highest common divisor of 8096925 and 186825.
3525
What is the highest common factor of 17904224 and 234?
26
Calculate the highest common divisor of 7957188358 and 14.
14
What is the greatest common divisor of 524 and 38980?
4
Calculate the highest common factor of 5 and 30758305.
5
Calculate the highest common divisor of 175739 and 80.
1
What is the highest common factor of 112452836 and 203?
29
What is the highest common factor of 46571897 and 1301?
1301
What is the highest common divisor of 2248 and 37098463?
281
Calculate the greatest common divisor of 5601 and 29397782.
1867
Calculate the greatest common factor of 18208005 and 1860.
465
Calculate the greatest common divisor of 106291412 and 306.
34
Calculate the highest common factor of 92169 and 16101.
9
What is the greatest common divisor of 18580082 and 3230?
34
Calculate the highest common divisor of 195523 and 2737.
23
What is the highest common divisor of 1551 and 180339?
141
What is the highest common divisor of 4240 and 1927280?
80
What is the highest common divisor of 22148344 and 928?
232
Calculate the highest common factor of 12680 and 1863643.
317
Calculate the highest common factor of 380173 and 7313.
103
Calculate the highest common factor of 65727223 and 124.
31
Calculate the highest common factor of 156 and 138545394.
78
Calculate the highest common divisor of 2842957901 and 3598.
1799
Calculate the highest common factor of 62 and 48940816.
62
Calculate the highest common factor of 93020256 and 3276.
252
Calculate the highest common divisor of 731380120 and 170.
170
What is the greatest common divisor of 4599 and 22890756?
1533
What is the highest common factor of 76200 and 903600?
600
Calculate the highest common divisor of 476 and 1388506.
14
Calculate the highest common factor of 12 and 4187082.
6
Calculate the highest common divisor of 1497572 and 76184.
428
What is the highest common factor of 6466104 and 1488?
744
What is the highest common factor of 116328 and 59496?
888
What is the highest common divisor of 10 and 323840810?
10
Calculate the greatest common divisor of 12558728 and 176491.
9289
What is the highest common factor of 1460506547 and 219?
73
What is the greatest common divisor of 230 and 92538430?
230
What is the greatest common divisor of 58422 and 2694?
6
What is the greatest common divisor of 333498 and 1302?
186
What is the highest common divisor of 899228 and 154?
22
What is the greatest common divisor of 5716 and 7283613?
1429
What is the highest common divisor of 13212927 and 546?
273
Calculate the greatest common divisor of 342181 and 46683.
7
Calculate the highest common factor of 6270 and 170963520.
570
Calculate the highest common factor of 4972892 and 1422.
158
What is the highest common factor of 38 and 29016591?
19
What is the highest common divisor of 507596 and 6841316?
4492
Calculate the highest common divisor of 26 and 182731679.
13
What is the greatest common divisor of 497482 and 1757?
251
Calculate the greatest common factor of 2108 and 56331676.
68
Calculate the highest common factor of 3718 and 73502494.
338
What is the highest common factor of 1831457 and 79?
79
Calculate the highest common factor of 46 and 23131767.
23
Calculate the highest common divisor of 243 and 323960067.
243
Calculate the greatest common factor of 136245158 and 463.
463
Calculate the highest common factor of 1489 and 168291247.
1489
Calculate the greatest common factor of 152395256 and 3224.
3224
Calculate the highest common divisor of 13098230 and 1290.
430
What is the highest common factor of 21 and 21951132?
21
What is the greatest common factor of 10094 and 819378?
98
What is the greatest common divisor of 13 and 441623793?
13
Calculate the greatest common factor of 29273 and 14381.
73
Calculate the greatest common factor of 728 and 31185392.
56
What is the greatest common divisor of 14 and 110660354?
14
What is the highest common factor of 178 and 9196?
2
Calculate the highest common factor of 652 and 5343792.
652
Calculate the greatest common factor of 5239647 and 9.
9
Calculate the highest common divisor of 2541545 and 4437130.
3845
What is the highest common divisor of 3744 and 3368352?
1248
What is the greatest common divisor of 1040 and 19009328?
208
Calculate the greatest common factor of 674 and 31229453.
337
Calculate the greatest common divisor of 2765 and 4850122445.
2765
Calculate the highest common divisor of 2078 and 792406.
2
What is the greatest common divisor of 97320297 and 2799?
933
What is the greatest common factor of 9787707 and 1084?
271
Calculate the greatest common factor of 1984099 and 76.
1
What is the greatest common divisor of 16799800 and 15200?
3800
Calculate the greatest common divisor of 361157 and 103415.
1591
What is the greatest common factor of 962752 and 9408?
3136
Calculate the highest common divisor of 15 and 6560710185.
15
What is the greatest common factor of 346 and 5075474?
346
Calculate the greatest common factor of 1333318 and 1834.
1834
Calculate the highest common divisor of 16178842 and 296.
74
Calculate the highest common factor of 19331808 and 12564.
4188
Calculate the greatest common factor of 89955 and 221099395.
9995
What is the highest common divisor of 18 and 117474138?
18
What is the greatest common factor of 6822 and 60678?
18
Wha